{"id":6,"date":"2016-08-19T12:43:02","date_gmt":"2016-08-19T12:43:02","guid":{"rendered":"http:\/\/srv.pkit.com.pl\/client7\/web5\/web\/wordpress\/?page_id=6"},"modified":"2018-07-23T09:03:19","modified_gmt":"2018-07-23T09:03:19","slug":"strona-glowna","status":"publish","type":"page","link":"https:\/\/domkinadrzekawieprz.pl\/","title":{"rendered":"Strona G\u0142\u00f3wna"},"content":{"rendered":"","protected":false},"excerpt":{"rendered":"","protected":false},"author":1,"featured_media":0,"parent":0,"menu_order":0,"comment_status":"closed","ping_status":"closed","template":"","meta":{"_mi_skip_tracking":false,"_exactmetrics_sitenote_active":false,"_exactmetrics_sitenote_note":"","_exactmetrics_sitenote_category":0,"footnotes":""},"yoast_head":"<!-- This site is optimized with the Yoast SEO plugin v22.6 - https:\/\/yoast.com\/wordpress\/plugins\/seo\/ -->\n<title>Domki Roztocze - Ewa i Zenon W\u0105sik - najlepsze noclegi w Zwierzy\u0144cu<\/title>\n<meta name=\"description\" content=\"Nowocze\u015bnie wyposa\u017cone domki z przepi\u0119kn\u0105 okolic\u0105 blisko najwi\u0119kszych atrakcji Roztocza oraz Zwierzy\u0144ca. WIFI, grill, altana, parking, jezioro, rzeka\" \/>\n<meta name=\"robots\" content=\"index, follow, max-snippet:-1, max-image-preview:large, max-video-preview:-1\" \/>\n<link rel=\"canonical\" href=\"https:\/\/domkinadrzekawieprz.pl\/\" \/>\n<meta property=\"og:locale\" content=\"pl_PL\" \/>\n<meta property=\"og:type\" content=\"article\" \/>\n<meta property=\"og:title\" content=\"Domki Roztocze - Ewa i Zenon W\u0105sik - najlepsze noclegi w Zwierzy\u0144cu\" \/>\n<meta property=\"og:description\" content=\"Nowocze\u015bnie wyposa\u017cone domki z przepi\u0119kn\u0105 okolic\u0105 blisko najwi\u0119kszych atrakcji Roztocza oraz Zwierzy\u0144ca. WIFI, grill, altana, parking, jezioro, rzeka\" \/>\n<meta property=\"og:url\" content=\"https:\/\/domkinadrzekawieprz.pl\/\" \/>\n<meta property=\"og:site_name\" content=\"Domki Roztocze - Ewa i Zenon W\u0105sik\" \/>\n<meta property=\"article:modified_time\" content=\"2018-07-23T09:03:19+00:00\" \/>\n<meta name=\"twitter:card\" content=\"summary_large_image\" \/>\n<script type=\"application\/ld+json\" class=\"yoast-schema-graph\">{\"@context\":\"https:\/\/schema.org\",\"@graph\":[{\"@type\":\"WebPage\",\"@id\":\"https:\/\/domkinadrzekawieprz.pl\/\",\"url\":\"https:\/\/domkinadrzekawieprz.pl\/\",\"name\":\"Domki Roztocze - Ewa i Zenon W\u0105sik - najlepsze noclegi w Zwierzy\u0144cu\",\"isPartOf\":{\"@id\":\"https:\/\/domkinadrzekawieprz.pl\/#website\"},\"datePublished\":\"2016-08-19T12:43:02+00:00\",\"dateModified\":\"2018-07-23T09:03:19+00:00\",\"description\":\"Nowocze\u015bnie wyposa\u017cone domki z przepi\u0119kn\u0105 okolic\u0105 blisko najwi\u0119kszych atrakcji Roztocza oraz Zwierzy\u0144ca. WIFI, grill, altana, parking, jezioro, rzeka\",\"breadcrumb\":{\"@id\":\"https:\/\/domkinadrzekawieprz.pl\/#breadcrumb\"},\"inLanguage\":\"pl-PL\",\"potentialAction\":[{\"@type\":\"ReadAction\",\"target\":[\"https:\/\/domkinadrzekawieprz.pl\/\"]}]},{\"@type\":\"BreadcrumbList\",\"@id\":\"https:\/\/domkinadrzekawieprz.pl\/#breadcrumb\",\"itemListElement\":[{\"@type\":\"ListItem\",\"position\":1,\"name\":\"Strona g\u0142\u00f3wna\",\"item\":\"https:\/\/domkinadrzekawieprz.pl\/\"},{\"@type\":\"ListItem\",\"position\":2,\"name\":\"Strona G\u0142\u00f3wna\"}]},{\"@type\":\"WebSite\",\"@id\":\"https:\/\/domkinadrzekawieprz.pl\/#website\",\"url\":\"https:\/\/domkinadrzekawieprz.pl\/\",\"name\":\"Domki Roztocze - Ewa i Zenon W\u0105sik\",\"description\":\"Najlepsze Domki na Roztoczu - tanie noclegi w Zwierzy\u0144cu\",\"potentialAction\":[{\"@type\":\"SearchAction\",\"target\":{\"@type\":\"EntryPoint\",\"urlTemplate\":\"https:\/\/domkinadrzekawieprz.pl\/?s={search_term_string}\"},\"query-input\":\"required name=search_term_string\"}],\"inLanguage\":\"pl-PL\"}]}<\/script>\n<!-- \/ Yoast SEO plugin. -->","yoast_head_json":{"title":"Domki Roztocze - Ewa i Zenon W\u0105sik - najlepsze noclegi w Zwierzy\u0144cu","description":"Nowocze\u015bnie wyposa\u017cone domki z przepi\u0119kn\u0105 okolic\u0105 blisko najwi\u0119kszych atrakcji Roztocza oraz Zwierzy\u0144ca. WIFI, grill, altana, parking, jezioro, rzeka","robots":{"index":"index","follow":"follow","max-snippet":"max-snippet:-1","max-image-preview":"max-image-preview:large","max-video-preview":"max-video-preview:-1"},"canonical":"https:\/\/domkinadrzekawieprz.pl\/","og_locale":"pl_PL","og_type":"article","og_title":"Domki Roztocze - Ewa i Zenon W\u0105sik - najlepsze noclegi w Zwierzy\u0144cu","og_description":"Nowocze\u015bnie wyposa\u017cone domki z przepi\u0119kn\u0105 okolic\u0105 blisko najwi\u0119kszych atrakcji Roztocza oraz Zwierzy\u0144ca. WIFI, grill, altana, parking, jezioro, rzeka","og_url":"https:\/\/domkinadrzekawieprz.pl\/","og_site_name":"Domki Roztocze - Ewa i Zenon W\u0105sik","article_modified_time":"2018-07-23T09:03:19+00:00","twitter_card":"summary_large_image","schema":{"@context":"https:\/\/schema.org","@graph":[{"@type":"WebPage","@id":"https:\/\/domkinadrzekawieprz.pl\/","url":"https:\/\/domkinadrzekawieprz.pl\/","name":"Domki Roztocze - Ewa i Zenon W\u0105sik - najlepsze noclegi w Zwierzy\u0144cu","isPartOf":{"@id":"https:\/\/domkinadrzekawieprz.pl\/#website"},"datePublished":"2016-08-19T12:43:02+00:00","dateModified":"2018-07-23T09:03:19+00:00","description":"Nowocze\u015bnie wyposa\u017cone domki z przepi\u0119kn\u0105 okolic\u0105 blisko najwi\u0119kszych atrakcji Roztocza oraz Zwierzy\u0144ca. WIFI, grill, altana, parking, jezioro, rzeka","breadcrumb":{"@id":"https:\/\/domkinadrzekawieprz.pl\/#breadcrumb"},"inLanguage":"pl-PL","potentialAction":[{"@type":"ReadAction","target":["https:\/\/domkinadrzekawieprz.pl\/"]}]},{"@type":"BreadcrumbList","@id":"https:\/\/domkinadrzekawieprz.pl\/#breadcrumb","itemListElement":[{"@type":"ListItem","position":1,"name":"Strona g\u0142\u00f3wna","item":"https:\/\/domkinadrzekawieprz.pl\/"},{"@type":"ListItem","position":2,"name":"Strona G\u0142\u00f3wna"}]},{"@type":"WebSite","@id":"https:\/\/domkinadrzekawieprz.pl\/#website","url":"https:\/\/domkinadrzekawieprz.pl\/","name":"Domki Roztocze - Ewa i Zenon W\u0105sik","description":"Najlepsze Domki na Roztoczu - tanie noclegi w Zwierzy\u0144cu","potentialAction":[{"@type":"SearchAction","target":{"@type":"EntryPoint","urlTemplate":"https:\/\/domkinadrzekawieprz.pl\/?s={search_term_string}"},"query-input":"required name=search_term_string"}],"inLanguage":"pl-PL"}]}},"_links":{"self":[{"href":"https:\/\/domkinadrzekawieprz.pl\/index.php\/wp-json\/wp\/v2\/pages\/6"}],"collection":[{"href":"https:\/\/domkinadrzekawieprz.pl\/index.php\/wp-json\/wp\/v2\/pages"}],"about":[{"href":"https:\/\/domkinadrzekawieprz.pl\/index.php\/wp-json\/wp\/v2\/types\/page"}],"author":[{"embeddable":true,"href":"https:\/\/domkinadrzekawieprz.pl\/index.php\/wp-json\/wp\/v2\/users\/1"}],"replies":[{"embeddable":true,"href":"https:\/\/domkinadrzekawieprz.pl\/index.php\/wp-json\/wp\/v2\/comments?post=6"}],"version-history":[{"count":1,"href":"https:\/\/domkinadrzekawieprz.pl\/index.php\/wp-json\/wp\/v2\/pages\/6\/revisions"}],"predecessor-version":[{"id":7,"href":"https:\/\/domkinadrzekawieprz.pl\/index.php\/wp-json\/wp\/v2\/pages\/6\/revisions\/7"}],"wp:attachment":[{"href":"https:\/\/domkinadrzekawieprz.pl\/index.php\/wp-json\/wp\/v2\/media?parent=6"}],"curies":[{"name":"wp","href":"https:\/\/api.w.org\/{rel}","templated":true}]}}